Let h(x) = 4 - x + 7*x**p - 2*x**2 + 6*x**3 - 3*x**2 - 12*x**3. Calculate h(t).
-1
Let v(j) = j**2 + 4*j - 1. Let a(z) = z**2 + 16*z + 32. Let q be a(-14). Let d = q + -8. Calculate v(d).
-1
Let h(s) be the second derivative of -s**5/20 - s**4 - 11*s**3/3 - 2*s**2 + 77*s. What is h(-10)?
16
Let z = 1677 + -1675. Let f(u) be the third derivative of 8*u**z + 1/3*u**3 + 0*u + 1/4*u**4 + 1/60*u**5 + 0. Calculate f(-6).
2
Let o(a) be the first derivative of 2*a**2 + a + 152. Let j(q) = 1 - 3*q - 4*q + q**2 - q + 6*q. Let d be j(2). Give o(d).
5
Let g = 14 - 12. Suppose 4*x = g*x. Let r(t) = 4*t**3 + 5 - 5*t**3 + t**2 + 0*t**2 + t. Calculate r(x).
5
Let y(t) = t**2 + 2*t - 5. Suppose -6*k - 29 = 1. Calculate y(k).
10
Let z(f) be the second derivative of -5/6*f**3 + 13*f - 1/2*f**2 + 0. What is z(3)?
-16
Let x(d) = 7*d**2 + 6*d - 4. Let f(a) = -3*a**2 - 3*a + 2. Let o(q) = -q**2 + 2. Let c be o(0). Let k(v) = c*x(v) + 5*f(v). Determine k(-4).
-2
Let d(b) = -b**2 + 2*b - 5. Let k(f) = -5*f**3 - f**2 + 2*f + 3. Let o be k(-1). What is d(o)?
-20
Let w(p) = -3*p**2 + p + 2. Suppose -45 + 47 = -m. Determine w(m).
-12
Let t = 393 + -392. Let b(u) = -4*u**2 - u. What is b(t)?
-5
Let o(g) = -8*g - 13*g - 17*g + 6*g. Give o(-1).
32
Let d(n) = -n - 13. Let h be 5*(7 + 328/(-40)). What is d(h)?
-7
Let w = 381 + -377. Let y(c) = -c - 1. Let b(n) = -n**2 - n + 8 + n - n. Let g(u) = w*y(u) + b(u). What is g(-5)?
4
Let i(p) = -10*p - 3. Let q(g) = 12*g + 2. Let l(t) = -7*i(t) - 6*q(t). Give l(7).
-5
Let j be 2/(2/(-4)*-2). Suppose 3*w - j*w + 11 = 5*q, 5*w = -3*q + 29. Let k(s) = 0*s**3 + 0*s**3 + s**2 + 3*s**q + s**3. Calculate k(-1).
-3
Let r(f) = f**3 + 5*f**2 - 3*f + 3. Let u(l) = -l**2 - 13*l - 17. Let t be u(-11). Suppose -62 = t*d - 32. Give r(d).
-15
Suppose 2*y - 2 = v, 0*y = -4*v - 2*y + 32. Suppose 36 = -6*d + v. Let b(c) = -c - 5. What is b(d)?
0
Let t(h) = 2*h**3 - 12*h + 9. Let i(r) = 7*r**3 + r**2 - 45*r + 35. Let b(k) = -3*i(k) + 11*t(k). What is b(5)?
59
Let f(h) be the third derivative of -h**6/60 - 2*h**5/15 + 3*h**4/8 - 5*h**3/6 - 4*h**2 - 3*h. Let t be f(-5). Let w(o) = o**3 + o**2 - o - 15. Determine w(t).
-15
Suppose 2*j = -4*p + 12, -2*j = p - 4 - 14. Let v(g) = -11*g + 19*g - j*g - 1. Determine v(-1).
1
Let o(g) = 2*g**3 - 479*g - 3 + 4*g**2 - g**3 + 479*g. Calculate o(-4).
-3
Let b(t) = -t**2 + 4*t. Let j be (-16)/120 + (-47)/(-15). Determine b(j).
3
Let c(x) = 83*x - 35*x - 33*x. Determine c(-1).
-15
Let k(w) = -2*w**2 + w. Let a(z) = 10*z**2 - 5*z + 1. Let f(j) = a(j) + 6*k(j). Give f(1).
0
Let o(x) be the third derivative of -x**6/120 - x**4/24 + x**3/6 - 5*x**2. Let y(d) = -5*d**3 + 8*d**2 - 11*d + 5. Let v(t) = -4*o(t) + y(t). Calculate v(7).
1
Let x(r) = 2*r. Let z(a) = 2*a**2 - 34*a + 143. Let o be z(9). Calculate x(o).
-2
Let q(i) = 5*i**3 - 3*i**2 + 6. Let t(g) = -11*g**3 + 6*g**2 - g - 13. Let b(x) = 9*q(x) + 4*t(x). Give b(3).
-10
Let n(v) be the third derivative of v**8/6720 + v**7/315 - v**6/80 - v**5/10 - 31*v**4/24 + 36*v**2. Let k(w) be the second derivative of n(w). What is k(-9)?
-12
Let g(h) = 1977*h**2 + 1 - 2 - 1980*h**2 - 3*h. What is g(-2)?
-7
Let r(o) be the second derivative of o**4/12 - o**3/6 - o**2/2 - o. Let k be (3 - 0)/((-15)/(-25)). Determine r(k).
19
Suppose 18*h - 15*h - 6 = 0. Let z be h/(12/(-9) + 2/3). Let s(n) = 3*n. Determine s(z).
-9
Let t(r) = r**2 + 3*r + 3. Let g be t(-3). Let o(z) = -2*z + 5. Let j(y) = y - 1. Let w(d) = g*j(d) + o(d). Give w(-5).
-3
Let w(x) = -13*x + 0 + 0*x - 1. Suppose 0 = -5*p - 5*p + 10. Determine w(p).
-14
Let f(p) = -p**2 + p. Let t(u) = 2*u**2 - u. Let q be (6 - 48/18)*(-6)/(-4). Let i(h) = q*t(h) + 4*f(h). Give i(2).
22
Let c(u) = -u**3 + 8*u**2 + 12*u - 12. Let d(n) = n**2 - 1. Let f(l) = -c(l) - 2*d(l). Calculate f(11).
3
Let b(i) = 3*i + 9. Let q(n) = 10*n + 29. Let g(c) = 7*b(c) - 2*q(c). Determine g(-10).
-5
Let x(y) = -90*y + 5 - 3 + 91*y. Determine x(-5).
-3
Let y(o) = o**3 + 4*o**2 + 2*o + 2. Suppose z = -4*c - 11 + 57, -2*c + z + 20 = 0. Suppose 2*j = c*j + 27. Give y(j).
5
Let m = 2105 + -2115. Let h(c) = -c**3 - 8*c**2 + 19*c - 12. Determine h(m).
-2
Let c(p) be the second derivative of p**5/20 - p**4/4 - p**3/3 - 9*p**2/2 + 36*p - 3. Determine c(4).
-1
Let q(x) be the second derivative of x**3 - 7/12*x**4 + 0 - 1/20*x**5 - 12*x - 5*x**2. Determine q(-8).
6
Suppose -7*f = -2*f - 10. Let t(d) = -109*d**f + 111*d**2 + 8*d + 6 - d. Let a(p) = -p + 1. Let o be a(5). What is t(o)?
10
Let p = 288 + -288. Let g(t) = -t**3 - 13. What is g(p)?
-13
Suppose 0 = -4*j - 5*y + 21, -2*y = 4*j - 22 - 8. Suppose 2*z - 5*q + j + 12 = 0, 5*z - 5*q = -15. Suppose 4*m + z = -10. Let x(d) = -d - 4. What is x(m)?
-1
Let g(f) = -f**3 - f - 6. Let a be g(0). Suppose 5*s = 3*j + 16, -4*s + 3*j + 5 = -2*j. Let y(q) = q**2 - 9*q - s + 16*q - q. Determine y(a).
-5
Let x(c) = 6*c. Suppose 25*u + 15 = 5*a + 20*u, 6 = 4*a + 2*u. Give x(a).
12
Let y(i) = -i**3 + 9*i**2 + 10*i + 13. Suppose -11*r = -15*r + 40. What is y(r)?
13
Let s(g) be the third derivative of g**6/360 - g**5/40 - g**4/8 + 3*g**3/2 - 13*g**2. Let p(c) be the first derivative of s(c). What is p(5)?
7
Let r(i) = i**2 + 2*i + 5. Let s be (-4)/(-8) - 10/4. Let z be 3/s + (-45)/(-10). Let j = z - 7. Calculate r(j).
13
Let h(u) be the third derivative of -u**4/8 - 11*u**3/3 + 2*u**2 - 9. What is h(-7)?
-1
Let z(c) = -c**3 - 5*c**2 + c + 3. Suppose -3*s + 385 - 400 = 0. Determine z(s).
-2
Let s = 12 + -7. Let b(o) = 4*o - s*o - 2 + 5*o. Let v(z) = -2*z + 1. Let k be v(2). What is b(k)?
-14
Let x(z) = z**3 + 2*z**2 - 2*z. Suppose 0 = 4*w - i + 15, -2*w + 10 = -i + 19. Calculate x(w).
-3
Let o(c) = -c**2 + 16. Suppose 6 + 6 = 3*g. Let t be 248/48 - 2/12. Suppose g*p = t*p. Determine o(p).
16
Let g(u) = -2*u**2 + 23*u - 4. Let y(h) = h**2 - 22*h + 4. Let z(v) = -2*g(v) - 3*y(v). What is z(-19)?
-23
Let o = -38 + 41. Let h be -3*(-1)/(o + -4). Let c(t) = -t + 1. Give c(h).
4
Let s(j) = 2*j**3 - j**2. Let k(z) = 3*z**3 + 7*z**2 - 12*z - 13. Let a(n) = k(n) - s(n). Calculate a(-9).
14
Let u(l) be the third derivative of 0 + 1/8*l**4 + 6*l**2 - l**3 + 0*l. Give u(6).
12
Let n(c) = -8*c**3 - c - 1. Let j be (4/(3 + -15))/((-4)/(-12)). Calculate n(j).
8
Suppose 5*q - 4*q - 4 = 0. Let c(y) be the first derivative of y**4/4 - 2*y**3 + 3*y**2 - 6*y + 285. What is c(q)?
-14
Let o(z) be the third derivative of z**5/30 + z**4/3 - 2*z**3 - 66*z**2. Determine o(-5).
-2
Let m(j) = -13*j + 6. Let b be m(2). Let p = 26 + b. Let g(u) = -u**2 + 3*u + 8. Calculate g(p).
-10
Let x be (24/(-20))/(2 - 24/10). Let w be (x/12 - (-92)/16)/(-1). Let z(a) = a**2 + 5*a + 7. Give z(w).
13
Let f(u) be the third derivative of u**6/120 + u**5/15 - 5*u**4/24 - 2*u**3/3 - 2*u**2 + 91*u. Give f(-4).
16
Let b(t) = 44*t**2 + 3*t - 8. Suppose -3*m - 20 = n, 2*m + 15 = 3*n - 13. Let x(h) = -15*h**2 - h + 3. Let w(l) = m*x(l) - 3*b(l). Calculate w(1).
-13
Let a(b) = -22*b**2 - 427*b**3 + 11*b + 428*b**3 + 16*b**2 - 2. What is a(3)?
4
Let x(d) = d**2 - d - 1. Let z = -9 - -20. Let r = -7 + z. Suppose f + 1 = -5*i + 11, r*i - 3*f - 27 = 0. What is x(i)?
5
Let g(m) = -5*m**2 + 15*m + 32*m**2 - m + 3. Let r(n) = 9*n**2 + 5*n + 1. Let o(t) = -4*g(t) + 11*r(t). Determine o(-1).
-9
Let o(d) = -10*d**2 - 29*d - 2. Let x(l) = -l**2 - 9*l - 1. Let u(v) = o(v) - 3*x(v). Determine u(-2).
-23
Let j(l) = -21 + l - 22 + 45. Determine j(-2).
0
Let k(i) = i**2 + 5*i - 3. Let n = 110 + -117. What is k(n)?
11
Let a be (26/(-91))/(6/42). Let h(j) = j**3 + j**2 + j + 3. Calculate h(a).
-3
Let z(p) = -3*p**2 - p + 2. Let u be (-14)/(-70) - (-11)/(-5). What is z(u)?
-8
Let v = -11 - -14. Suppose 3*s - s + 8 = 4*k, -3 = 3*s - v*k. Let n(r) = -r**3 - 2*r**2 + 3*r - 3. What is n(s)?
-13
Let v be 1/2*5*(-2)/(-1). Let j(l) = v*l**2 + l**3 - 21*l + 27*l - 12*l + 4. Determine j(-6).
4
Let i(a) = -12*a - 9. Suppose 24 = -33*j + 9*j. Determine i(j).
3
Let t be 12/(-2)*(35/7)/(-10). Let q(f) = -63*f**t + 128*f**3 - 2 - 2*f - 68*f**3 + 4*f**2. Calculate q(2).
-14
Let s(q) = 2*q**3 + q**2 - q + 1. Let t = 1 - -2. Let c = 4 - t. Let b be s(c). Let d(w) = -w. Determine d(b).
-3
Let u(p) = 2*p**2 - 9*p + 10. Let t be (48/72)/(3 - 34/12). What is u(t)?
6
Let v(k) be the first derivative of k**2 - 9*k + 142.